 is divided by x.
10
Let u(g) = 0*g**3 - 2*g**2 - 4*g + 6*g + g**3 + 2. What is the remainder when 10 is divided by u(2)?
4
Let o(s) = -s**3 - 8*s**2 + 12*s + 9. Let a(b) = b**2 - b - 1. Let i(m) = -2*a(m) - o(m). What is the remainder when i(-6) is divided by ((-8)/6)/(2/(-21))?
11
Let l(k) = -2*k**3 - 5*k**2 - 2*k - 6. Let j = 26 + -9. What is the remainder when l(-4) is divided by j?
16
What is the remainder when 52 is divided by 275/22 + 3/2?
10
Suppose 0 = 5*n - 2*o - 15, -3*n + 7*n - 15 = o. What is the remainder when 9 is divided by n?
4
Let b(z) = -2*z - 7. Let y be b(-5). Let q = -3 - -16. What is the remainder when q is divided by (y/(-9))/(1/(-21))?
6
Let l be (2/(-6))/((-6)/54). Suppose n + l*n = 4. Calculate the remainder when n is divided by 1.
0
Let g = 4 + 19. What is the remainder when g is divided by 8?
7
What is the remainder when 90 is divided by -3*(-1 + 16/(-12) + -4)?
14
Let w(g) = g**2 + 4*g - 18. Calculate the remainder when w(-8) is divided by 14.
0
Suppose 5 = 3*j - 28. What is the remainder when 20 is divided by j?
9
Suppose 0 = 3*q - 4*n + 8, 5*q - 3*n + n = -18. What is the remainder when 38 is divided by q/(-10) - 196/(-10)?
18
Let t = 19 + 14. What is the remainder when 65 is divided by t?
32
Let p be 6/(-15) - 14/(-10). Suppose -2*o + p = -9. Calculate the remainder when 18 is divided by o.
3
Let v = 6 - 4. Suppose -2 = 4*o - v*o. What is the remainder when (2 - o)*(-32)/(-6) is divided by 9?
7
Let y = 96 - 59. Calculate the remainder when 71 is divided by y.
34
Let j(w) = 2*w**2 + 7*w + 2. Calculate the remainder when 72/14*672/72 is divided by j(-5).
14
Let i = 23 + -22. Calculate the remainder when i is divided by 1.
0
Let x be 6 + (1 + 0)/(-1). Suppose 0*q + q = x. What is the remainder when q is divided by 4?
1
Let r = -16 - -43. Let f = 517 - 503. What is the remainder when r is divided by f?
13
Suppose -9*l = -8*l - 55. Calculate the remainder when l is divided by 29.
26
Suppose 0 = -o - i, 6 = 4*o - 3*i - 8. Suppose t = o*l - 18, 46 = 4*l - t + 8. Calculate the remainder when 37 is divided by l.
7
Suppose -5*g - 4*u + u + 34 = 0, -5*u = -5*g + 10. Let q = 4 + g. Let c(n) = -n**3 - 10*n**2 - 11*n - 1. Calculate the remainder when c(-9) is divided by q.
8
Let a = 3 + -1. Suppose -q - 3*s = -35, -a*s + 31 = q + 3*s. Calculate the remainder when q is divided by 14.
13
Let d = 3 - 1. Suppose -d*v - v = -81. What is the remainder when 51 is divided by v?
24
Suppose 0*z + 4*z = 3*x + 36, 5*z = -5*x + 80. Suppose -z = 3*y, -3*c + 2*c + 4*y + 24 = 0. Calculate the remainder when 14 is divided by 6/(6/c*1).
6
Suppose 3 = 4*i + 23. Let s = -5 - i. Suppose s*a + 20 = a. What is the remainder when a is divided by 11?
9
Let u(c) = -4*c - 11. Calculate the remainder when u(-6) is divided by 7.
6
Let j be 4/6*45/6. Suppose -4*t - j*a = -0*a, -t + 4*a = 0. Suppose t*u = -2*u + 30. What is the remainder when 43 is divided by u?
13
What is the remainder when 88 is divided by (-2421)/(-81) + 1/9?
28
Suppose -2*n + 46 = 2*a, -2*n + 50 = -a + 19. Suppose -2*g + 12 = -2. Calculate the remainder when n is divided by g.
4
Let x(m) = m + 19. What is the remainder when 11 is divided by x(-13)?
5
What is the remainder when 61 is divided by 2/(3 - 4) + 35 + -2?
30
Let u(q) = 3*q**2 + q - 6. Calculate the remainder when 50 is divided by u(-3).
14
Suppose 12 = -5*d - 3. Suppose 5*q - 3*q - 82 = 0. What is the remainder when q is divided by ((-28)/d)/((-8)/(-12))?
13
Suppose -k = -2*k - 2*y, -3*k = -5*y - 33. Let d = k - 1. Suppose -5*s + 9 = 3*m - 2*m, 0 = -4*m + s + 57. What is the remainder when m is divided by d?
4
Suppose -690 = -5*i + 4*o, -4*i + 336 + 210 = -2*o. Calculate the remainder when i is divided by 27.
26
Let t be (-6)/2 - -3 - -2. Suppose t*z - 7*z = 3*o - 68, 5*z - 4*o - 61 = 0. Calculate the remainder when 49 is divided by z.
10
Let t(u) = u**2 - 5*u - 9. Let a be 1/2 - (-10)/(-4). Let i be (1 + -10 - a)*-1. What is the remainder when 8 is divided by t(i)?
3
Let x = 84 - 126. Let m = -20 - x. Calculate the remainder when m is divided by 6.
4
Let k(f) = -3*f**3 - f**2 + 5*f + 6. What is the remainder when k(-3) is divided by 16?
15
Calculate the remainder when (-224)/(-12) + 1 - 12/(-9) is divided by 6.
3
Suppose -4*p - 8 = 0, 2*i - 5*p - 83 - 3 = 0. Calculate the remainder when i is divided by 20.
18
Suppose 5*m = 3*i + 257, 3*m - 5*i = -2*m + 255. What is the remainder when m is divided by 11?
8
Calculate the remainder when (-15)/(4 - (-3 - -8)) is divided by 4.
3
Calculate the remainder when 62 - -6*2/(-4) is divided by 21.
17
Let i = 21 + -5. What is the remainder when i is divided by 6?
4
Suppose 0*h = -h + 47. Suppose 0*k = k + c - 12, -c - 90 = -5*k. Suppose 4*p = 31 + k. Calculate the remainder when h is divided by p.
11
Calculate the remainder when -2 - 0 - (0 - 85) is divided by 17.
15
Suppose -4*f = -4*h - 12, -f + 3*h - 1 - 4 = 0. Let g = 20 - f. What is the remainder when 24 is divided by g?
11
Let r(f) be the second derivative of -f**4/12 - f**3/6 + 4*f**2 + f. What is the remainder when 22 - (-2 - (2 - 3)) is divided by r(0)?
7
Suppose y + 35 = 2*y. Suppose -y = -4*s + 73. What is the remainder when s is divided by 14?
13
Let v = 70 - 49. Calculate the remainder when v is divided by 6.
3
Let w(m) = -4*m**2 + m - 2. Let v be w(-2). Let n = 39 + v. Let q(z) = -z**2 + 10. Calculate the remainder when n is divided by q(0).
9
Suppose -81 = -5*t + 3*f - 4*f, 4*t + 3*f - 56 = 0. What is the remainder when 50 is divided by t?
16
Suppose 0 = -b - 2*b + 72. Let n(x) be the first derivative of 4*x**3/3 + 3*x**2/2 + 3*x + 9. What is the remainder when b is divided by n(-2)?
11
Suppose 5*g = 2*g + 33. Calculate the remainder when 29 is divided by g.
7
Let r(k) = 3*k**3 - 4*k**2 - 4*k - 2. Let c be r(-2). Let d = c - -48. Let l(o) = -3*o + 8. What is the remainder when l(-6) is divided by d?
12
Let b = 58 + -13. Let m = 72 - b. What is the remainder when m is divided by 15?
12
Suppose -2*n + 8 - 2 = 0. Let r = 45 - n. Suppose -a + v = -26, r + 36 = 3*a - 4*v. What is the remainder when a is divided by 14?
12
Let c(s) = -s**3 - 4*s**2 - 3*s - 6. Let h be c(-4). Let g = 11 - h. Let x(v) = 2*v**2 - 3*v - 6. What is the remainder when x(4) is divided by g?
4
Suppose 0 = -3*s + 5*o + 29, -3*o = -3*s + 35 - 14. Suppose 2 + 0 = -2*c. Let q = s - c. Calculate the remainder when 11 is divided by q.
3
What is the remainder when 3 - -43 - 3 - -3 is divided by 24?
22
Let g(h) = 5*h**2 - 7*h - 2. Calculate the remainder when g(5) is divided by 24.
16
Suppose 0 = -4*g - 51 + 167. Calculate the remainder when g is divided by 10.
9
Let g = -22 - -49. Calculate the remainder when g is divided by 7.
6
Let c(x) = -x - 2. Calculate the remainder when 12 is divided by c(-6).
0
Let a = 49 + -16. Suppose c + 9 = 2*c. What is the remainder when a is divided by c?
6
Suppose -u = -32 - 6. What is the remainder when u is divided by 10?
8
Let m(n) = n - 4. Let g be m(0). Suppose 5*l = 2*l + 27. Calculate the remainder when g*(-7 + 1)*1 is divided by l.
6
Let y(w) = 25*w**3 + w**2 + w - 1. What is the remainder when y(1) is divided by 3/(-1 + 17/14)?
12
Let i = 1 - -2. Let t = i + 4. What is the remainder when 13 is divided by t?
6
Let h = -104 - -115. What is the remainder when 31 is divided by h?
9
Suppose -3*o + 16 = o. Let p(b) = b - 5. Let x be p(o). Calculate the remainder when 32 is divided by 9 - ((-2)/2 + x).
10
Suppose i - 2*i = -6. Let y = 11 + i. What is the remainder when 65 is divided by y?
14
Let q = -1 - -1. Let n = -3 - q. Calculate the remainder when 23 is divided by ((-3)/1 + 1)*n.
5
Let b = -75 - -129. Calculate the remainder when b is divided by 7.
5
Suppose -5 = -2*x + x, 28 = 4*c - 4*x. Let n be (c/(-9))/(4/(-6)). Calculate the remainder when 47 is divided by 73/3 - n/6.
23
Let t(q) = 15*q - 15. Calculate the remainder when t(4) is divided by 21.
3
Let i(g) = g**2 + g - 4. Let v(j) = -j + 4. Let n be v(6). What is the remainder when (-1314)/(-45) - n/(-10) is divided by i(4)?
13
Let j(p) = p**2 + 2*p - 6. What is the remainder when -2 + 22 + (-7 - -4) is divided by j(-5)?
8
Suppose 22 = t - 0*t. Let v be 5 + (0 - 0) + -3. Suppose 0*o + v*o - 184 = -3*y, 264 = 4*y - 2*o. What is the remainder when y is divided by t?
2